*d**2 - 10*d - 16. Calculate l(-11).
-27
Let x(m) = -m**2 - 5*m - 3. Calculate x(-7).
-17
Let i(m) = m**3 - 10*m**2 + 9*m + 9. What is i(9)?
9
Let c(b) = -b**3 - 29*b**2 - 46*b + 216. What is c(-27)?
0
Let r(b) = 2*b**3 - 34*b**2 - 3*b + 24. Determine r(17).
-27
Let r(o) = -2*o**2 - 31*o + 26. Determine r(-16).
10
Let c(n) = 21*n**2 - 213*n + 10. What is c(10)?
-20
Let i(y) = -y**3 + 20*y**2 - 20*y + 1. What is i(19)?
-18
Let m(l) = -l - 13. What is m(0)?
-13
Let l(r) = r**3 + 13*r**2 - 15*r - 14. Determine l(-14).
0
Let r(j) = j + 24. Determine r(11).
35
Let y(g) = 2*g - 22. Determine y(14).
6
Let y(s) = 2*s - 10. Determine y(-15).
-40
Let s(j) = -2*j**2 + 25*j - 20. Determine s(11).
13
Let y(l) = -l**3 + 4*l**2 + 2*l - 8. Determine y(4).
0
Let o(n) = 8*n - 263. What is o(31)?
-15
Let w(h) = -h**3 + 5*h**2 + 2*h + 13. Calculate w(6).
-11
Let b(g) = g**3 - 8*g**2 - 12*g + 3. Calculate b(9).
-24
Let z(v) = 4*v + 75. Determine z(-19).
-1
Let u(z) = -3*z + 46. Give u(16).
-2
Let x(i) = 52*i + 317. Calculate x(-6).
5
Let q(x) = x**3 - 2*x**2 + x + 17. Give q(0).
17
Let n(l) = -20*l**2 + 2*l + 2. Calculate n(-1).
-20
Let a(g) = -g**2 + 4*g - 7. Determine a(5).
-12
Let d(c) = 7*c + 16. Calculate d(-5).
-19
Let o(y) = -y**3 - 13*y**2 - 14*y - 18. Calculate o(-12).
6
Let r(w) = 17*w + 296. Calculate r(-17).
7
Let b(x) = x**2 - 2*x - 9. Determine b(0).
-9
Let h(l) = -l - 7. What is h(-19)?
12
Let m(o) = 2*o**3 - o**2 + o - 1. Give m(1).
1
Let l(s) = -s + 13. What is l(11)?
2
Let z(k) = k**3 + 20*k**2 + 28*k + 174. Calculate z(-19).
3
Let n(z) = -6*z**2 - 2*z - 3. Give n(-5).
-143
Let g(p) = p**2 - 8*p - 9. Calculate g(7).
-16
Let a(v) = 2*v - 43. Determine a(12).
-19
Let k(v) = v**2 - 22*v - 19. What is k(23)?
4
Let s(m) = -3*m**2 - m. Determine s(-2).
-10
Let t(b) = b**3 + 12*b**2 + b + 15. Determine t(-12).
3
Let a(k) = k**3 - 4*k**2 - 14*k + 11. Give a(6).
-1
Let d(u) = -u**2 + 6*u + 22. Give d(6).
22
Let y(r) = 25*r - 9. Determine y(6).
141
Let q(v) = -9*v + 35. Give q(3).
8
Let y(q) = 6*q - 51. Calculate y(15).
39
Let n(g) = -g**2 - 28*g - 64. Give n(-30).
-124
Let v(i) = 7*i - 116. Give v(19).
17
Let f(b) = -2*b**2 + 14*b + 53. What is f(-3)?
-7
Let c(y) = -y + 25. Give c(11).
14
Let k(p) = p**2 - 15*p - 18. Calculate k(16).
-2
Let l(z) = z**3 + 21*z**2 - 46*z - 35. Give l(-23).
-35
Let k(p) = p**2 - 5*p - 7. Give k(9).
29
Let k(y) = 6*y**2 - 60*y + 1. What is k(10)?
1
Let l(o) = 14*o**3 - o**2 - 2*o + 2. Determine l(1).
13
Let u(p) = -5*p - 64. Give u(-11).
-9
Let v(x) = -x**3 - 13*x**2 + 3*x + 25. Give v(-13).
-14
Let b(u) = -u - 2. Calculate b(-2).
0
Let p(n) = -n**3 - 5*n**2 - 3*n - 7. What is p(-4)?
-11
Let h(q) = -q**2 - 9*q - 6. Calculate h(-8).
2
Let k(m) = -2*m**2 + 21*m - 1. Determine k(11).
-12
Let a(p) = 22*p**2 - 2*p + 1. Determine a(1).
21
Let b(n) = n**3 - 19*n**2 + 20*n - 23. What is b(18)?
13
Let y(n) = -n**2 + 16*n - 32. Determine y(14).
-4
Let t(k) = k**3 - 10*k**2 - 59*k - 1. Calculate t(14).
-43
Let d(v) = 2*v**2 - 36*v + 35. Determine d(16).
-29
Let w(v) = v**3 - 22*v**2 + 38*v + 34. What is w(20)?
-6
Let h(u) = -u + 7. Calculate h(5).
2
Let l(u) = -2*u**3 - 21*u**2 + 9*u - 7. Determine l(-11).
15
Let p(x) = 13*x + 74. What is p(-8)?
-30
Let g(u) = u**3 - 26*u**2 + 47*u - 30. What is g(24)?
-54
Let y(i) = -i**2 - 24*i + 9. Determine y(-23).
32
Let k(m) = -m**2 + 7*m + 4. Give k(9).
-14
Let c(i) = 269*i - 260. What is c(1)?
9
Let q(u) = -5*u - 5. Give q(-3).
10
Let u(p) = -p**2 + 9*p - 8. Give u(6).
10
Let y(t) = 12*t**2 + t - 1. Give y(-2).
45
Let r(h) = -5*h**2 + h + 12. Give r(-4).
-72
Let r(u) = 2*u**3 + 2*u**2 - 5*u - 2. Give r(-3).
-23
Let o(l) = -l**3 + 18*l**2 - 17*l + 5. What is o(17)?
5
Let p(x) = 32*x + 323. Determine p(-10).
3
Let k(t) = -t**3 - 7*t**2 + t - 10. Calculate k(-7).
-17
Let m(w) = -3*w - 3. Give m(-4).
9
Let d(b) = b**3 - 18*b**2 + 34*b - 19. Give d(16).
13
Let w(g) = -2*g + 11. Calculate w(7).
-3
Let w(p) = -3*p - 9. Determine w(-7).
12
Let c(v) = -5*v**3 - 4*v**2 - 6*v - 5. Give c(-1).
2
Let k(f) = -f**3 - 12*f**2 + 2*f + 23. Calculate k(-12).
-1
Let r(z) = z**2 - 2*z - 1. Give r(7).
34
Let r(v) = -v**2 + 10*v + 2. Give r(10).
2
Let k(u) = -u**2 - 7*u + 2. Determine k(-6).
8
Let y(a) = a**3 + 5*a**2 - 4*a - 12. Give y(-6).
-24
Let t(k) = k**2 + 19*k - 40. Give t(-21).
2
Let u(j) = -7*j**2 + 9*j + 8. Give u(-1).
-8
Let c(w) = -w**2 - 15*w + 25. Determine c(-17).
-9
Let t(d) = 9*d**2. What is t(1)?
9
Let d(m) = -m**2 - 11*m - 20. Determine d(-2).
-2
Let i(a) = a**2 - a + 3. What is i(4)?
15
Let l(g) = g + 5. What is l(-3)?
2
Let z(a) = a**3 - 4*a**2 - 31*a - 9. Give z(8).
-1
Let l(y) = 2*y**2 + y - 4. Give l(-4).
24
Let d(i) = i**3 + 8*i**2 - 9*i + 7. Determine d(-9).
7
Let c(t) = -t**2 + 5*t. What is c(4)?
4
Let v(k) = -k**3 + 3*k**2 + 3*k - 6. Give v(4).
-10
Let m(y) = 4*y**3 - 4*y**2 - 2*y + 1. What is m(-1)?
-5
Let f(l) = -l**2 + 4*l + 9. Determine f(5).
4
Let j(k) = 7*k + 39. Determine j(-12).
-45
Let w(o) = -10*o + 5. Determine w(5).
-45
Let k(q) = 26*q**3 - q**2 + 6*q + 5. Calculate k(-1).
-28
Let y(c) = -c**3 + 5*c**2 - 3*c + 5. Calculate y(4).
9
Let n(v) = v**3 - 2*v**2 + 1. Give n(3).
10
Let a(q) = 52*q - 135. Determine a(3).
21
Let z(i) = -i**2 + 14*i - 20. Determine z(12).
4
Let z(n) = n**3 - 3*n**2 + 3*n + 1. Give z(5).
66
Let d(x) = x**2 + 15*x + 22. Give d(-14).
8
Let y(b) = -5*b**3 - 3*b**2 - b. Determine y(-1).
3
Let i(j) = -2*j + 15. Calculate i(11).
-7
Let s(n) = 5*n. Give s(-2).
-10
Let t(c) = 15*c + 3. Give t(1).
18
Let y(r) = -r**3 - 10*r**2 + r + 11. Determine y(-10).
1
Let c(l) = l**2 - 36*l + 29. Determine c(35).
-6
Let s(m) = -12*m - 102. What is s(-9)?
6
Let t(k) = k**3 + 23*k**2 + 22*k - 2. Calculate t(-22).
-2
Let f(u) = -3*u**2 + 5*u - 4. Give f(4).
-32
Let x(y) = 2*y + 5. Calculate x(-5).
-5
Let p(j) = -j**3 + 11*j**2 - 2*j + 19. Determine p(11).
-3
Let t(o) = o**3 + 27*o**2 - o - 30. Give t(-27).
-3
Let c(u) = u**2 - 10*u + 10. Calculate c(12).
34
Let s(t) = t**3 - 11*t**2 + t - 16. What is s(11)?
-5
Let v(h) = -h**3 - 13*h**2 - 12*h - 16. Determine v(-12).
-16
Let b(m) = -m**3 - m**2 - m + 3. What is b(-2)?
9
Let w(j) = -4*j + 8. What is w(4)?
-8
Let b(g) = g**2 - 19*g - 12. Calculate b(18).
-30
Let j(g) = g + 5. What is j(0)?
5
Let w(a) = -3*a + 2. Give w(0).
2
Let s(q) = -q**3 + 5*q**2 - 4*q + 2. What is s(3)?
8
Let b(o) = -3*o**2 - 17*o - 11. What is b(-5)?
-1
Let y(v) = -v**3 - 12*v**2 - 11*v - 6. Determine y(-11).
-6
Let x(z) = 5*z + 10. Give x(5).
35
Let w(z) = 4*z**3 + z**2 - 3*z + 3. Determine w(1).
5
Let w(n) = -4*n**2 + 3*n - 2. What is w(2)?
-12
Let n(o) = 9*o**3 - o**2 - 2*o - 1. Calculate n(-1).
-9
Let g(i) = i**3 - 32*i**2 + 2*i - 11. Determine g(32).
53
Let v(t) = t + 6. Determine v(12).
18
Let q(w) = w**3 - 2*w**2 - 7*w - 1. Calculate q(5).
39
Let m(t) = -t**3 + 18*t**2 - 16*t + 50. Give m(17).
67
Let v(d) = -d**2 + 15*d - 6. Calculate v(8).
50
Let j(c) = -36*c - 141. What is j(-4)?
3
Let h(r) = -r**2 - 34*r + 104. Determine h(-36).
32
Let f(s) = s. Determine f(5).
5
Let h(l) = 10*l - 2. Give h(-2).
-22
Let m(w) = 2*w**3 + 26*w**2 - w - 23. What is m(-13)?
-10
Let r(s) = -s**3 - 2*s - 30. Give r(0).
-30
Let f(u) = 2*u**3 + 2*u**2 + 3*u + 2. Give f(-3).
-43
Let u(k) = -k**3 + 11*k**2 - 5*k + 2. Calculate u(10).
52
Let o(i) = -24*i - 2. What is o(1)?
-26
Let d(y) = y**2 - 26*y - 28. Determine d(27).
-1
Let l(v) = -v**2 + 18*v - 28. Calculate l(21).
-91
Let z(p) = 2*p**3 - 3*p**2 - 14*p + 26. Calculate z(2).
2
Let k(o) = -2*o + 33. Give k(15).
3
Let b(q) = -121*q - 8. Determine b(-1).
113
Let j(m) = 12*m - 18. What is j(10)?
102
Let u(c) = 4*c + 6. What is u(-13)?
-46
Let j(l) = -l + 53. Calculate j(21).
32
Let k(l) = -35*l - 166. Calculate k(-5).
9
Let u(w) = w**3 + 28*w**2 - 63*w - 85. What is u(-30)?
5
Let r(g) = -g**3 - 2*g**2 + 2*g + 3. Give r(-3).
6
Let s(u) = 42*u + 16. Determine s(2).
100
Let c(a) = 99*a**2 - 5*a + 5. Calculate c(1).
99
Let z(h) = -h**3 - h**2 + 66. Give z(0).
66
Let q(d) = d + 59. Calculate q(0).
59
Let t(q) = -q**2 - 10*q - 7. Determine t(-7).
14
Let p(m) = 6*m - 4. Give p(10).
56
Let d(u) = -10*u + 146. Determine d(13).
16
Let a(g) = g**2 - 84*g - 353. Give a(-4).
-1
Let g(m) = m + 23. What is g(-31)?
-8
Let y(h) = 4*h**2 -